8956?
8
What is the thousands digit of 98966095?
6
What is the tens digit of 84754998?
9
What is the ten thousands digit of 312123163?
2
What is the billions digit of 2523014409?
2
What is the hundreds digit of 153830583?
5
What is the ten millions digit of 65434079?
6
What is the billions digit of 6990447723?
6
What is the hundred thousands digit of 119970454?
9
What is the millions digit of 314747460?
4
What is the hundred millions digit of 1010506036?
0
What is the units digit of 133891310?
0
What is the tens digit of 24633032?
3
What is the tens digit of 26450341?
4
What is the millions digit of 4757356261?
7
What is the hundreds digit of 456857364?
3
What is the hundred millions digit of 359975651?
3
What is the ten thousands digit of 41331211?
3
What is the ten millions digit of 152394699?
5
What is the hundreds digit of 1388393356?
3
What is the billions digit of 1365993625?
1
What is the thousands digit of 560241866?
1
What is the hundred thousands digit of 56639189?
6
What is the thousands digit of 91422653?
2
What is the hundred thousands digit of 277809914?
8
What is the tens digit of 2739200429?
2
What is the thousands digit of 47150317?
0
What is the ten thousands digit of 79522074?
2
What is the billions digit of 4364125712?
4
What is the hundreds digit of 17288376?
3
What is the units digit of 4470656712?
2
What is the units digit of 2603494271?
1
What is the tens digit of 53692955?
5
What is the tens digit of 73385983?
8
What is the ten millions digit of 895671960?
9
What is the millions digit of 191616035?
1
What is the ten thousands digit of 20215991?
1
What is the millions digit of 57472726?
7
What is the thousands digit of 398348299?
8
What is the thousands digit of 2194512906?
2
What is the ten thousands digit of 21845392?
4
What is the units digit of 80449198?
8
What is the billions digit of 1598136161?
1
What is the thousands digit of 547872758?
2
What is the units digit of 61840486?
6
What is the units digit of 118844225?
5
What is the units digit of 1030465680?
0
What is the billions digit of 5731176538?
5
What is the millions digit of 18855583?
8
What is the hundreds digit of 35479434?
4
What is the ten millions digit of 3499898016?
9
What is the ten millions digit of 1294940143?
9
What is the tens digit of 71934261?
6
What is the thousands digit of 121723231?
3
What is the thousands digit of 187496377?
6
What is the hundred millions digit of 1966173447?
9
What is the ten thousands digit of 445043381?
4
What is the ten thousands digit of 158869915?
6
What is the millions digit of 45150754?
5
What is the millions digit of 362611402?
2
What is the ten millions digit of 6649941080?
4
What is the ten millions digit of 27626337?
2
What is the thousands digit of 2160743142?
3
What is the hundred thousands digit of 6992413721?
4
What is the units digit of 558728617?
7
What is the thousands digit of 3272476?
2
What is the billions digit of 1899310061?
1
What is the tens digit of 97293411?
1
What is the hundred millions digit of 199120168?
1
What is the units digit of 44287122?
2
What is the ten thousands digit of 9422058356?
5
What is the hundred thousands digit of 329482927?
4
What is the hundreds digit of 88766593?
5
What is the thousands digit of 56157710?
7
What is the tens digit of 17731039?
3
What is the thousands digit of 40535459?
5
What is the ten millions digit of 49201503?
4
What is the thousands digit of 1776797841?
7
What is the hundreds digit of 63700524?
5
What is the hundred millions digit of 791971390?
7
What is the ten thousands digit of 331761298?
6
What is the units digit of 480180433?
3
What is the hundred thousands digit of 1430211683?
2
What is the units digit of 9193909?
9
What is the ten thousands digit of 5064086715?
8
What is the hundreds digit of 112111011?
0
What is the ten millions digit of 33750766?
3
What is the units digit of 1838760819?
9
What is the units digit of 18030195?
5
What is the billions digit of 1114409442?
1
What is the ten thousands digit of 571807731?
0
What is the units digit of 44195134?
4
What is the hundred thousands digit of 45109564?
1
What is the thousands digit of 2497987436?
7
What is the millions digit of 25524964?
5
What is the thousands digit of 50367?
0
What is the tens digit of 321899695?
9
What is the units digit of 842642649?
9
What is the hundred thousands digit of 878103866?
1
What is the ten thousands digit of 130239855?
3
What is the tens digit of 113122586?
8
What is the hundreds digit of 146100159?
1
What is the units digit of 50538166?
6
What is the thousands digit of 575531467?
1
What is the billions digit of 1889946400?
1
What is the thousands digit of 116619893?
9
What is the ten thousands digit of 918672851?
7
What is the units digit of 99547331?
1
What is the tens digit of 412265299?
9
What is the hundreds digit of 243652291?
2
What is the units digit of 1153721804?
4
What is the tens digit of 1722513405?
0
What is the millions digit of 6340650?
6
What is the hundred thousands digit of 2385801617?
8
What is the hundreds digit of 459823560?
5
What is the hundred thousands digit of 202006401?
0
What is the tens digit of 19203853?
5
What is the units digit of 3850987?
7
What is the ten thousands digit of 226435262?
3
What is the thousands digit of 42167275?
7
What is the units digit of 232369890?
0
What is the thousands digit of 26269702?
9
What is the ten thousands digit of 1734690217?
9
What is the hundred millions digit of 402850915?
4
What is the hundred thousands digit of 1708679487?
6
What is the units digit of 543762422?
2
What is the hundreds digit of 1512163471?
4
What is the units digit of 595827787?
7
What is the hundred thousands digit of 42049542?
0
What is the hundreds digit of 1560596048?
0
What is the units digit of 1067150873?
3
What is the hundred millions digit of 3202853085?
2
What is the millions digit of 109055387?
9
What is the units digit of 1580669614?
4
What is the ten thousands digit of 39092542?
9
What is the thousands digit of 6821022745?
2
What is the thousands digit of 1037769689?
9
What is the millions digit of 45275058?
5
What is the hundred thousands digit of 39106248?
1
What is the hundred thousands digit of 659807529?
8
What is the units digit of 103844158?
8
What is the tens digit of 1890875215?
1
What is the hundred thousands digit of 24407707?
4
What is the hundred thousands digit of 155518937?
5
What is the ten thousands digit of 6191543532?
4
What is the hundred millions digit of 396657200?
3
What is the thousands digit of 9890259?
0
What is the hundreds digit of 445615168?
1
What is the millions digit of 1259154067?
9
What is the millions digit of 417705253?
7
What is the ten millions digit of 3390382925?
9
What is the millions digit of 1380832433?
0
What is the hundred thousands digit of 45796946?
7
What is the units digit of 81003621?
1
What is the ten thousands digit of 743758972?
5
What is the ten thousands digit of 15674144?
7
What is the units digit of 239104611?
1
What is the hundred thousands digit of 4515844594?
8
What is the billions digit of 4261106521?
4
What is the thousands digit of 40316075?
6
What is the ten thousands digit of 1540429355?
2
What is the ten thousands digit of 56694965?
9
What is the thousands digit of 29868331?
8
What is the units digit of 946880452?
2
What is the thousands digit of 2685190844?
0
What is the tens digit of 1456148553?
5
What is the units digit of 43628115?
5
What is the thousands digit of 23387924?
7
What is the millions digit of 95323017?
5
What is the thousands digit of 105201356?
1
What is the hundred millions digit of 9124634865?
1
What is the tens digit of 2078073224?
2
What is the hundred millions digit of 784025031?
7
What is the millions digit of 298863747?
8
What is the hundreds digit of 57506719?
7
What is the units digit of 1350804?
4
What is the ten thousands digit of 1502018319?
1
What is the ten millions digit of 678892638?
7
What is the hundreds digit of 688561143?
1
What is the tens digit of 1797713440?
4
What is the thousands digit of 48935903?
5
What is the thousands digit of 868164945?
4
What is the ten thousands digit of 660503419?
0
What is the millions digit of 2475454905?
5
What is the hundred millions digit of 385394581?
3
What is the te